{"id":825,"date":"2015-09-21T10:12:34","date_gmt":"2015-09-21T10:12:34","guid":{"rendered":"http:\/\/microastronomia.astroedu.net\/?page_id=825"},"modified":"2015-11-11T23:42:48","modified_gmt":"2015-11-11T23:42:48","slug":"31-50mm","status":"publish","type":"page","link":"https:\/\/microastronomia.cosmozoom.eu\/?page_id=825","title":{"rendered":"31-50mm"},"content":{"rendered":"<p>Secci\u00f3n reservada a instrumentos que tengan entre 31mm y 50mm de di\u00e1metro o que tengan su equivalencia con este rango de abertura. Click en el men\u00fa principal superior para ver cada instrumento por separado.<\/p>\n<p><span style=\"color: #ffffff;\">&#8230;&#8230;<\/span><\/p>\n<p><a href=\"http:\/\/microastronomia.astroedu.net\/wp-content\/uploads\/2014\/09\/celda-zeiss-50.jpg\"><img loading=\"lazy\" decoding=\"async\" class=\"alignright  wp-image-373\" style=\"border: 3px solid black;\" alt=\"celda zeiss 50\" src=\"http:\/\/microastronomia.astroedu.net\/wp-content\/uploads\/2014\/09\/celda-zeiss-50-300x276.jpg\" width=\"210\" height=\"193\" srcset=\"https:\/\/microastronomia.cosmozoom.eu\/wp-content\/uploads\/2014\/09\/celda-zeiss-50-300x276.jpg 300w, https:\/\/microastronomia.cosmozoom.eu\/wp-content\/uploads\/2014\/09\/celda-zeiss-50-1024x944.jpg 1024w, https:\/\/microastronomia.cosmozoom.eu\/wp-content\/uploads\/2014\/09\/celda-zeiss-50-162x150.jpg 162w, https:\/\/microastronomia.cosmozoom.eu\/wp-content\/uploads\/2014\/09\/celda-zeiss-50-150x138.jpg 150w, https:\/\/microastronomia.cosmozoom.eu\/wp-content\/uploads\/2014\/09\/celda-zeiss-50.jpg 1809w\" sizes=\"(max-width: 210px) 100vw, 210px\" \/><\/a><a href=\"http:\/\/microastronomia.astroedu.net\/wp-content\/uploads\/2014\/10\/despieze-BORG.jpg\"><img loading=\"lazy\" decoding=\"async\" class=\"size-medium wp-image-397 alignleft\" style=\"border: 3px solid black;\" alt=\"despieze BORG\" src=\"http:\/\/microastronomia.astroedu.net\/wp-content\/uploads\/2014\/10\/despieze-BORG-300x144.jpg\" width=\"300\" height=\"144\" srcset=\"https:\/\/microastronomia.cosmozoom.eu\/wp-content\/uploads\/2014\/10\/despieze-BORG-300x144.jpg 300w, https:\/\/microastronomia.cosmozoom.eu\/wp-content\/uploads\/2014\/10\/despieze-BORG-250x120.jpg 250w, https:\/\/microastronomia.cosmozoom.eu\/wp-content\/uploads\/2014\/10\/despieze-BORG-150x72.jpg 150w, https:\/\/microastronomia.cosmozoom.eu\/wp-content\/uploads\/2014\/10\/despieze-BORG.jpg 800w\" sizes=\"(max-width: 300px) 100vw, 300px\" \/><\/a><\/p>\n","protected":false},"excerpt":{"rendered":"<p>Secci\u00f3n reservada a instrumentos que tengan entre 31mm y 50mm de di\u00e1metro o que tengan su equivalencia con este rango<\/p>\n<p><a href=\"https:\/\/microastronomia.cosmozoom.eu\/?page_id=825\" class=\"more-link\">Seguir leyendo<span class=\"screen-reader-text\">31-50mm<\/span><\/a><\/p>\n","protected":false},"author":1,"featured_media":0,"parent":0,"menu_order":5,"comment_status":"closed","ping_status":"closed","template":"","meta":{"footnotes":""},"_links":{"self":[{"href":"https:\/\/microastronomia.cosmozoom.eu\/index.php?rest_route=\/wp\/v2\/pages\/825"}],"collection":[{"href":"https:\/\/microastronomia.cosmozoom.eu\/index.php?rest_route=\/wp\/v2\/pages"}],"about":[{"href":"https:\/\/microastronomia.cosmozoom.eu\/index.php?rest_route=\/wp\/v2\/types\/page"}],"author":[{"embeddable":true,"href":"https:\/\/microastronomia.cosmozoom.eu\/index.php?rest_route=\/wp\/v2\/users\/1"}],"replies":[{"embeddable":true,"href":"https:\/\/microastronomia.cosmozoom.eu\/index.php?rest_route=%2Fwp%2Fv2%2Fcomments&post=825"}],"version-history":[{"count":4,"href":"https:\/\/microastronomia.cosmozoom.eu\/index.php?rest_route=\/wp\/v2\/pages\/825\/revisions"}],"predecessor-version":[{"id":1204,"href":"https:\/\/microastronomia.cosmozoom.eu\/index.php?rest_route=\/wp\/v2\/pages\/825\/revisions\/1204"}],"wp:attachment":[{"href":"https:\/\/microastronomia.cosmozoom.eu\/index.php?rest_route=%2Fwp%2Fv2%2Fmedia&parent=825"}],"curies":[{"name":"wp","href":"https:\/\/api.w.org\/{rel}","templated":true}]}}