{"id":46,"date":"2014-04-01T09:49:53","date_gmt":"2014-04-01T09:49:53","guid":{"rendered":"http:\/\/microastronomia.astroedu.net\/?page_id=46"},"modified":"2015-10-24T15:19:38","modified_gmt":"2015-10-24T15:19:38","slug":"picoscopi","status":"publish","type":"page","link":"https:\/\/microastronomia.cosmozoom.eu\/?page_id=46","title":{"rendered":"picoScopi 30"},"content":{"rendered":"<address>\u00a0<strong><\/strong><a href=\"http:\/\/microastronomia.astroedu.net\/wp-content\/uploads\/2014\/04\/DSCN0343.jpg\"><img loading=\"lazy\" decoding=\"async\" class=\" wp-image-200 alignright\" style=\"border: 5px solid black;\" alt=\"DSCN0343\" src=\"http:\/\/microastronomia.astroedu.net\/wp-content\/uploads\/2014\/04\/DSCN0343.jpg\" width=\"393\" height=\"295\" srcset=\"https:\/\/microastronomia.cosmozoom.eu\/wp-content\/uploads\/2014\/04\/DSCN0343.jpg 1200w, https:\/\/microastronomia.cosmozoom.eu\/wp-content\/uploads\/2014\/04\/DSCN0343-300x225.jpg 300w, https:\/\/microastronomia.cosmozoom.eu\/wp-content\/uploads\/2014\/04\/DSCN0343-1024x768.jpg 1024w, https:\/\/microastronomia.cosmozoom.eu\/wp-content\/uploads\/2014\/04\/DSCN0343-200x150.jpg 200w, https:\/\/microastronomia.cosmozoom.eu\/wp-content\/uploads\/2014\/04\/DSCN0343-150x112.jpg 150w\" sizes=\"(max-width: 393px) 100vw, 393px\" \/><\/a><\/address>\n<address><strong>Tipo:<\/strong> Refractor acrom\u00e1tico<\/address>\n<address><strong>Di\u00e1metro:<\/strong> 30 mm<\/address>\n<address><strong>Relaci\u00f3n Focal:<\/strong> F\/4.7<\/address>\n<address><strong>Distancia Focal:<\/strong> 140 mm<\/address>\n<address><strong>Campo m\u00e1ximo \u00fatil:<\/strong> 11\u00ba\u00a0<\/address>\n<address><strong>Peso:<\/strong> 200g<\/address>\n<address><strong>Dimensiones (L x D):<\/strong> 100mm x 35mm<\/address>\n<address>\u00a0<\/address>\n<p style=\"text-align: justify;\">Se trata de un telescopio de oculares intercambiables de 1.25&#8243;, de construcci\u00f3n propia, a partir del objetivo acrom\u00e1tico de un buscador Vixen 6&#215;30. Permite obtener curiosas vistas de gran campo a bajo aumento con bastante nitidez y contraste. Un aut\u00e9ntico telescopio de bolsillo.<\/p>\n<p style=\"text-align: justify;\"><span style=\"color: #ffffff;\">&#8230;&#8230;&#8230;&#8230;&#8230;&#8230;&#8230;&#8230;&#8230;&#8230;&#8230;&#8230;&#8230;&#8230;&#8230;&#8230;<\/span><\/p>\n<address class=\"mceTemp\">\n<dl class=\"wp-caption alignright\" id=\"attachment_414\" style=\"width: 310px;\">\n<dt class=\"wp-caption-dt\"><a href=\"http:\/\/microastronomia.astroedu.net\/wp-content\/uploads\/2014\/04\/Lluna-3cm.jpg\"><img loading=\"lazy\" decoding=\"async\" class=\" wp-image-414  \" alt=\"\" src=\"http:\/\/microastronomia.astroedu.net\/wp-content\/uploads\/2014\/04\/Lluna-3cm-300x267.jpg\" width=\"300\" height=\"267\" srcset=\"https:\/\/microastronomia.cosmozoom.eu\/wp-content\/uploads\/2014\/04\/Lluna-3cm-300x267.jpg 300w, https:\/\/microastronomia.cosmozoom.eu\/wp-content\/uploads\/2014\/04\/Lluna-3cm-1024x911.jpg 1024w, https:\/\/microastronomia.cosmozoom.eu\/wp-content\/uploads\/2014\/04\/Lluna-3cm-168x150.jpg 168w, https:\/\/microastronomia.cosmozoom.eu\/wp-content\/uploads\/2014\/04\/Lluna-3cm-150x133.jpg 150w, https:\/\/microastronomia.cosmozoom.eu\/wp-content\/uploads\/2014\/04\/Lluna-3cm.jpg 1100w\" sizes=\"(max-width: 300px) 100vw, 300px\" \/><\/a><\/dt>\n<dd class=\"wp-caption-dd\">La Luna fotografiada con el picoScopi.<\/dd>\n<\/dl>\n<\/address>\n<p style=\"text-align: justify;\"><span style=\"color: #ffffff;\">&#8230;&#8230;&#8230;&#8230;&#8230;&#8230;&#8230;<\/span><\/p>\n<dl class=\"wp-caption alignleft\" id=\"attachment_208\" style=\"width: 310px;\">\n<dt class=\"wp-caption-dt\"><a href=\"http:\/\/microastronomia.astroedu.net\/wp-content\/uploads\/2014\/04\/zDSCN0347.jpg\"><img loading=\"lazy\" decoding=\"async\" class=\"wp-image-208 \" style=\"border: 5px solid black;\" alt=\"zDSCN0347\" src=\"http:\/\/microastronomia.astroedu.net\/wp-content\/uploads\/2014\/04\/zDSCN0347-300x225.jpg\" width=\"300\" height=\"225\" srcset=\"https:\/\/microastronomia.cosmozoom.eu\/wp-content\/uploads\/2014\/04\/zDSCN0347-300x225.jpg 300w, https:\/\/microastronomia.cosmozoom.eu\/wp-content\/uploads\/2014\/04\/zDSCN0347-1024x768.jpg 1024w, https:\/\/microastronomia.cosmozoom.eu\/wp-content\/uploads\/2014\/04\/zDSCN0347-200x150.jpg 200w, https:\/\/microastronomia.cosmozoom.eu\/wp-content\/uploads\/2014\/04\/zDSCN0347-150x112.jpg 150w, https:\/\/microastronomia.cosmozoom.eu\/wp-content\/uploads\/2014\/04\/zDSCN0347.jpg 1500w\" sizes=\"(max-width: 300px) 100vw, 300px\" \/><\/a><\/dt>\n<dd class=\"wp-caption-dd\">Disecci\u00f3n del telescopio.<\/dd>\n<\/dl>\n<address class=\"mceTemp\">\n<p style=\"text-align: justify;\"><span style=\"color: #ffffff;\">&#8230;&#8230;&#8230;&#8230;&#8230;&#8230;&#8230;<\/span><\/p>\n<p style=\"text-align: justify;\"><span style=\"color: #ffffff;\">&#8230;&#8230;&#8230;&#8230;&#8230;&#8230;&#8230;<\/span><\/p>\n<p style=\"text-align: justify;\"><span style=\"color: #ffffff;\">&#8230;&#8230;&#8230;&#8230;&#8230;&#8230;&#8230;<\/span><\/p>\n<p style=\"text-align: justify;\"><span style=\"color: #ffffff;\">&#8230;&#8230;&#8230;&#8230;&#8230;&#8230;&#8230;<\/span><\/p>\n<p style=\"text-align: justify;\"><span style=\"color: #ffffff;\">&#8230;&#8230;&#8230;&#8230;&#8230;&#8230;&#8230;<\/span><\/p>\n<p style=\"text-align: justify;\"><span style=\"color: #ffffff;\">&#8230;&#8230;&#8230;&#8230;&#8230;&#8230;&#8230;<\/span><\/p>\n<p style=\"text-align: justify;\"><span style=\"color: #ffffff;\">&#8230;&#8230;&#8230;&#8230;&#8230;&#8230;&#8230;<\/span><\/p>\n<p style=\"text-align: justify;\"><span style=\"color: #ffffff;\">&#8230;&#8230;&#8230;&#8230;&#8230;&#8230;&#8230;<\/span><\/p>\n<p style=\"text-align: justify;\"><span style=\"color: #ffffff;\">&#8230;&#8230;&#8230;&#8230;&#8230;&#8230;&#8230;<\/span><\/p>\n<\/address>\n<address>\u00a0<\/address>\n<h2><strong><span style=\"text-decoration: underline;\">OBJETOS OBSERVADOS CON EL picoScopi<\/span><\/strong><\/h2>\n<p><em>Se listan objetos observados por el autor bajo un cielo de magnitud l\u00edmite 6.5-6.7, entre 3 y 4 en la escala de Bortle, con la zona Sur con algo de contaminaci\u00f3n lum\u00ednica. <\/em>Seg\u00fan su nivel de dificultad: en <em>letra <strong>oscura<\/strong> para objetos f\u00e1ciles de percibir, en <span style=\"color: #ffcc00;\">\u00e1mbar<\/span> para los de dificultad media y en <span style=\"color: #ff0000;\">rojo<\/span> para los dif\u00edciles pero a\u00fan accesibles. Acr\u00f3nimos usados: VD: Visi\u00f3n Directa, VL: Visi\u00f3n Lateral. <em>Oculares empleados:\u00a0<span style=\"color: #808080;\"> Meade Plossl 26, PentaxXW20, Nagler16, Meade Plossl 12.4, PentaxXW10, Meade Plossl 9.7, PentaxXW5, VixenLV 2.5, Powermate 2.5x.<\/span><\/em><br \/>\n<\/em><\/p>\n<address>\u00a0<\/address>\n<p><span style=\"text-decoration: underline;\">SOL<\/span><br \/>\n&#8211;<strong>Manchas solares.<\/strong><\/p>\n<p><span style=\"text-decoration: underline;\">LUNA<\/span><br \/>\n&#8211; <strong>Mares, cr\u00e1teres y otras estructuras.<\/strong><\/p>\n<p><span style=\"text-decoration: underline;\">PLANETAS<\/span><br \/>\n&#8211;<strong>Venus<\/strong>: fases. Cercano a nuestro planeta, con el disco iluminado alrededor del 10%, se ve la fase a tan solo 5x.<br \/>\n&#8211;<strong>Marte<\/strong>: anaranjado, peque\u00f1o disco sin detalles.<br \/>\n&#8211;<strong>J\u00fapiter<\/strong>: indicios de bandas nubosas ecuatoriales. Io, Europa, Gan\u00edmedes y Calisto son visibles.<br \/>\n&#8211;<strong>Saturno<\/strong>: amarillo p\u00e1lido, anillos visibles. <span style=\"color: #ff0000;\"><span style=\"color: #ffcc00;\">Tit\u00e1n<\/span> <span style=\"color: #333333;\">en VL<\/span><\/span><span style=\"color: #333333;\">.<\/span><br \/>\n&#8211;<strong>Urano<\/strong>: se intuye dominante verdosa a aumentos elevados, apariencia estelar.<br \/>\n&#8211;<strong>Neptuno<\/strong>: apariencia estelar.<\/p>\n<address class=\"mceTemp\">\n<dl class=\"wp-caption alignright\" id=\"attachment_588\" style=\"width: 224px;\">\n<dt class=\"wp-caption-dt\"><a href=\"http:\/\/microastronomia.astroedu.net\/wp-content\/uploads\/2014\/04\/CERESVESTA2.jpg\"><img loading=\"lazy\" decoding=\"async\" class=\" wp-image-588 \" style=\"border: 5px solid black;\" alt=\"CERES&amp;VESTA2\" src=\"http:\/\/microastronomia.astroedu.net\/wp-content\/uploads\/2014\/04\/CERESVESTA2-297x300.jpg\" width=\"214\" height=\"216\" srcset=\"https:\/\/microastronomia.cosmozoom.eu\/wp-content\/uploads\/2014\/04\/CERESVESTA2-297x300.jpg 297w, https:\/\/microastronomia.cosmozoom.eu\/wp-content\/uploads\/2014\/04\/CERESVESTA2-150x150.jpg 150w, https:\/\/microastronomia.cosmozoom.eu\/wp-content\/uploads\/2014\/04\/CERESVESTA2-148x150.jpg 148w, https:\/\/microastronomia.cosmozoom.eu\/wp-content\/uploads\/2014\/04\/CERESVESTA2.jpg 665w\" sizes=\"(max-width: 214px) 100vw, 214px\" \/><\/a><\/dt>\n<dd class=\"wp-caption-dd\">Conjunci\u00f3n de Ceres y Vesta dibujada con el picoScopi a 7x.<\/dd>\n<\/dl>\n<\/address>\n<p><span style=\"text-decoration: underline;\">ASTEROIDES Y PLANETAS ENANOS<\/span><br \/>\n&#8211;<strong>Vesta<\/strong>: apariencia estelar.<br \/>\n&#8211;<strong>Ceres<\/strong>: apariencia estelar.<\/p>\n<p><span style=\"text-decoration: underline;\">ESTRELLAS DOBLES, M\u00daLTIPLES<\/span><span style=\"text-decoration: underline;\"> Y PECULIARES<\/span><br \/>\n&#8211;<strong>Epsilon Lyrae<\/strong>:\u00a0 visibles las 2 componentes principales.<br \/>\n&#8211;<strong>Omicron Cygni<\/strong>: visibles 3 estrellas a 15x, dos azules y una amarillenta.<br \/>\n&#8211;<strong>Rho Ophiuco<\/strong>: triple f\u00e1cil a 11x.<br \/>\n&#8211;<strong>TX Piscis (19 Piscis)<\/strong>: se ve rojiza a 6x, gana intensidad crom\u00e1tica a 14x.<\/p>\n<p><span style=\"text-decoration: underline;\">C\u00daMULOS ABIERTOS<\/span><br \/>\n&#8211;<strong>M6<\/strong>: se resuelve en estrellas en VD.<br \/>\n&#8211;<strong>M7<\/strong>: perfectamente resoluble en estrellas en VD.<br \/>\n&#8211;<strong>M11<\/strong>: bolita algodonosa en VD.<br \/>\n&#8211;<strong>NGC134<\/strong>2: se resuelve a 14x en VD.<br \/>\n&#8211;<strong>NGC6633<\/strong>: resoluble en estrelas a 11x en VD.<br \/>\n&#8211;<strong>IC4665<\/strong>: resoluble en estrellas a 11x en VD. Lo he bautizado \u00abEl CRINOIDEO\u00bb o \u00abLIRIO de MAR\u00bb.<br \/>\n&#8211;<strong>IC4756<\/strong>: resoluble en estrellitas a 11x, en VD. Lo he bautizado la \u00abPUNTA de S\u00cdLEX\u00bb.<\/p>\n<p><span style=\"text-decoration: underline;\">C\u00daMULOS GLOBULARES<\/span><br \/>\n&#8211;<strong>M4<\/strong>: nubecilla en VD.<br \/>\n&#8211;<strong>M30<\/strong>: peque\u00f1a bolita algodonosa a 14x en VD.<br \/>\n&#8211;<strong>NGC288<\/strong>: parche de luz redondo, relativamente grande en VD, al lado de la galaxia NGC253.<\/p>\n<address class=\"mceTemp\">\n<dl class=\"wp-caption alignright\" id=\"attachment_800\" style=\"width: 245px;\">\n<dt class=\"wp-caption-dt\"><a href=\"http:\/\/microastronomia.astroedu.net\/wp-content\/uploads\/2014\/04\/M42picoscopi.jpg\"><img loading=\"lazy\" decoding=\"async\" class=\" wp-image-800\" alt=\"M42picoscopi\" src=\"http:\/\/microastronomia.astroedu.net\/wp-content\/uploads\/2014\/04\/M42picoscopi-294x300.jpg\" width=\"235\" height=\"240\" srcset=\"https:\/\/microastronomia.cosmozoom.eu\/wp-content\/uploads\/2014\/04\/M42picoscopi-294x300.jpg 294w, https:\/\/microastronomia.cosmozoom.eu\/wp-content\/uploads\/2014\/04\/M42picoscopi-147x150.jpg 147w, https:\/\/microastronomia.cosmozoom.eu\/wp-content\/uploads\/2014\/04\/M42picoscopi.jpg 700w\" sizes=\"(max-width: 235px) 100vw, 235px\" \/><\/a><\/dt>\n<dd class=\"wp-caption-dd\">Dibujo de la espada de Ori\u00f3n a 14x con el picoScopi.<\/dd>\n<\/dl>\n<\/address>\n<p><span style=\"text-decoration: underline;\">NEBULOSAS<\/span><br \/>\n&#8211;<span style=\"color: #ff0000;\">M1<\/span>: al l\u00edmite en VL a 14x.<br \/>\n&#8211;<strong>M8<\/strong>: perfectamente visible en VD.<br \/>\n&#8211;<strong>M16<\/strong>: visible en VD.<br \/>\n&#8211;<strong>M17<\/strong>: se recorta bien su estructura en VD.<br \/>\n&#8211;<strong>M20<\/strong>: visible en VD.<br \/>\n&#8211;<strong>M42\/43<\/strong>: perfectamente visibles en VD.<br \/>\n&#8211;<strong>M57<\/strong>: peque\u00f1o \u00f3valo nebuloso, con discreto gradiente luminoso centro-periferia.<br \/>\n&#8211;<strong>M76<\/strong>: peque\u00f1a nubecilla elongada a 28x, en VD, sin filtros. Cierto gradiente centro-periferia.<br \/>\n&#8211;<strong>NGC246<\/strong>: a 14x, sutil \u00f3valo de luz, casi visible en VD. Filtro NPB no ayuda demasiado.<br \/>\n&#8211;<strong>NGC2237 (Roseta)<\/strong>: a 7x, sin filtros, se intuye sutil nebulosidad alrededor del c\u00famulo abierto\u00a0 NGC2244. Con el mismo aumento y filtro NPB, se observa en VD.<br \/>\n&#8211;<span style=\"color: #ffcc00;\">NGC2261 (Variable de Hubble)<\/span>: a 28x, casi en VD, muestra su aspecto de cometa.<\/p>\n<p><span style=\"text-decoration: underline;\">GALAXIAS<\/span><br \/>\n&#8211;<strong>M31<\/strong>: nebulosidad muy extensa, n\u00facleo m\u00e1s brillante.<br \/>\n&#8211;<strong>M33<\/strong>: gran nebulosidad oval.<br \/>\n&#8211;<strong>M51<\/strong>: a 14x, muestra la t\u00edpica silueta con los dos cuerpos visibles en VD.<br \/>\n&#8211;<span style=\"color: #ffcc00;\">M74<\/span>: nubecilla a 14x en VL.<br \/>\n&#8211;<strong>M77<\/strong>: nubecilla en VD a 14x y 28x.<br \/>\n&#8211;<strong>M101<\/strong>: nubecilla con n\u00facleo ligeramente m\u00e1s brillante, a 14x en VD.<br \/>\n&#8211;<strong>NGC253<\/strong>: alargada y relativamente brillante a 14x.<br \/>\n&#8211;<span style=\"color: #ff0000;\">NGC925<\/span>: nubecilla al l\u00edmite a 14x, en VL.<\/p>\n","protected":false},"excerpt":{"rendered":"<p>\u00a0 Tipo: Refractor acrom\u00e1tico Di\u00e1metro: 30 mm Relaci\u00f3n Focal: F\/4.7 Distancia Focal: 140 mm Campo m\u00e1ximo \u00fatil: 11\u00ba\u00a0 Peso: 200g<\/p>\n<p><a href=\"https:\/\/microastronomia.cosmozoom.eu\/?page_id=46\" class=\"more-link\">Seguir leyendo<span class=\"screen-reader-text\">picoScopi 30<\/span><\/a><\/p>\n","protected":false},"author":1,"featured_media":0,"parent":823,"menu_order":44,"comment_status":"closed","ping_status":"closed","template":"","meta":{"footnotes":""},"_links":{"self":[{"href":"https:\/\/microastronomia.cosmozoom.eu\/index.php?rest_route=\/wp\/v2\/pages\/46"}],"collection":[{"href":"https:\/\/microastronomia.cosmozoom.eu\/index.php?rest_route=\/wp\/v2\/pages"}],"about":[{"href":"https:\/\/microastronomia.cosmozoom.eu\/index.php?rest_route=\/wp\/v2\/types\/page"}],"author":[{"embeddable":true,"href":"https:\/\/microastronomia.cosmozoom.eu\/index.php?rest_route=\/wp\/v2\/users\/1"}],"replies":[{"embeddable":true,"href":"https:\/\/microastronomia.cosmozoom.eu\/index.php?rest_route=%2Fwp%2Fv2%2Fcomments&post=46"}],"version-history":[{"count":77,"href":"https:\/\/microastronomia.cosmozoom.eu\/index.php?rest_route=\/wp\/v2\/pages\/46\/revisions"}],"predecessor-version":[{"id":1007,"href":"https:\/\/microastronomia.cosmozoom.eu\/index.php?rest_route=\/wp\/v2\/pages\/46\/revisions\/1007"}],"up":[{"embeddable":true,"href":"https:\/\/microastronomia.cosmozoom.eu\/index.php?rest_route=\/wp\/v2\/pages\/823"}],"wp:attachment":[{"href":"https:\/\/microastronomia.cosmozoom.eu\/index.php?rest_route=%2Fwp%2Fv2%2Fmedia&parent=46"}],"curies":[{"name":"wp","href":"https:\/\/api.w.org\/{rel}","templated":true}]}}