{"id":316,"date":"2014-07-01T10:01:54","date_gmt":"2014-07-01T10:01:54","guid":{"rendered":"http:\/\/microastronomia.astroedu.net\/?page_id=316"},"modified":"2021-11-01T17:45:24","modified_gmt":"2021-11-01T17:45:24","slug":"mis-ojos","status":"publish","type":"page","link":"https:\/\/microastronomia.cosmozoom.eu\/?page_id=316","title":{"rendered":"MisOjos"},"content":{"rendered":"<h6><a href=\"http:\/\/microastronomia.astroedu.net\/wp-content\/uploads\/2014\/07\/ulls.jpg\"><img loading=\"lazy\" decoding=\"async\" class=\"wp-image-325 alignleft\" style=\"border: 5px solid black;\" src=\"http:\/\/microastronomia.astroedu.net\/wp-content\/uploads\/2014\/07\/ulls.jpg\" alt=\"\" width=\"360\" height=\"98\" srcset=\"https:\/\/microastronomia.cosmozoom.eu\/wp-content\/uploads\/2014\/07\/ulls.jpg 600w, https:\/\/microastronomia.cosmozoom.eu\/wp-content\/uploads\/2014\/07\/ulls-300x82.jpg 300w, https:\/\/microastronomia.cosmozoom.eu\/wp-content\/uploads\/2014\/07\/ulls-250x68.jpg 250w, https:\/\/microastronomia.cosmozoom.eu\/wp-content\/uploads\/2014\/07\/ulls-150x41.jpg 150w\" sizes=\"(max-width: 360px) 100vw, 360px\" \/><\/a><span style=\"color: #000000;\"><strong>Tipo:<\/strong> Binocular\u00a0<\/span><br \/>\n<span style=\"color: #000000;\"><strong>Di\u00e1metro nocturno aprox.:<\/strong> 6mm (en binocular \u2248 8mm)<br \/>\n<\/span><span style=\"color: #000000;\"><strong>Relaci\u00f3n Focal nocturna aprox.:<\/strong> F\/4<\/span><br \/>\n<span style=\"color: #000000;\"><strong>Distancia Focal aprox.:<\/strong> 23mm<\/span><br \/>\n<span style=\"color: #000000;\"><strong>Campo m\u00e1ximo \u00fatil aprox.:<\/strong> 120\u00ba<\/span><\/h6>\n<p style=\"text-align: justify;\">Herramienta de observaci\u00f3n fundamental. En una noche sin Luna, en total oscuridad y con buena adaptaci\u00f3n a la misma, permiten ver unas 3.000 estrellas en el firmamento. \u00a0Tambi\u00e9n alcanzan a ver muchos objetos de cielo profundo como la Galaxia de Andr\u00f3meda, las Pl\u00e9yades, el Doble C\u00famulo de Perseo&#8230;<span style=\"color: #ffffff;\">&#8230;&#8230;&#8230;&#8230;&#8230;&#8230;<\/span><\/p>\n<h2 style=\"text-align: left;\"><strong><span style=\"text-decoration: underline;\">OBJETOS OBSERVADOS CON misOjos<\/span><br \/>\n<\/strong><\/h2>\n<p style=\"text-align: justify;\"><em>Se listan objetos observados por el autor bajo un cielo de magnitud l\u00edmite 6.5-6.7, entre 3 y 4 en la escala de Bortle, con la zona Sur con algo de contaminaci\u00f3n lum\u00ednica. <\/em>Seg\u00fan su nivel de dificultad: en <em>letra <strong>oscura<\/strong> para objetos f\u00e1ciles de percibir, en <span style=\"color: #ffcc00;\">\u00e1mbar<\/span> para los de dificultad media y en <span style=\"color: #ff0000;\">rojo<\/span> para los dif\u00edciles pero a\u00fan accesibles. Acr\u00f3nimos usados: VD: Visi\u00f3n Directa, VL: Visi\u00f3n Lateral.<\/em><span style=\"color: #ffffff;\">&#8230;..<\/span><\/p>\n<p>\u00a0<span style=\"text-decoration: underline;\">SOL<\/span><br \/>\n&#8211; <strong>Manchas solares grandes<\/strong>: con gafas tipo eclipse.<\/p>\n<p><span style=\"text-decoration: underline;\">LUNA<\/span><br \/>\n&#8211; <strong>Mares<\/strong>: Crisium, Tranquilitatis, Serenitatis, Fecunditatis, Nectaris, Umbrium, Frigoris, Cognitum, Nubium.<br \/>\n&#8211; <strong>Otros accidentes geogr\u00e1ficos<\/strong>: regi\u00f3n de Kepler, regi\u00f3n de Tycho, regi\u00f3n de Copernicus, Sinus Iridium (alrededor del 10\u00ba d\u00eda de la lunaci\u00f3n, surge del terminador como un peque\u00f1o ap\u00e9ndice, un efecto 3D muy curioso), regi\u00f3n de Aristarchus.<\/p>\n<p><span style=\"text-decoration: underline;\">PLANETAS<\/span><br \/>\n&#8211; <strong>Mercurio<\/strong>: relativamente brillante, blanquezino, apariencia estelar.<br \/>\n&#8211; <strong>Venus<\/strong>: muy brillante, blanco, apariencia estelar.<br \/>\n&#8211; <strong>Marte<\/strong>: muy brillante, rojizo, apariencia estelar.<br \/>\n&#8211; <strong>J\u00fapiter<\/strong>: muy brillante, blanco, apariencia estelar.<br \/>\n&#8211; <strong>Saturno<\/strong>: brillante, amarillo p\u00e1lido, apariencia estelar.<br \/>\n&#8211; <span style=\"color: #ffcc00;\"><span style=\"color: #333333;\"><strong>Urano<\/strong><\/span><span style=\"color: #333333;\">: visible en VD, sin color, apariencia estelar.<\/span><span style=\"color: #000000;\"><br \/>\n<\/span><\/span><\/p>\n<p><span style=\"text-decoration: underline;\">ASTEROIDES Y PLANETAS ENANOS<\/span><br \/>\n<span style=\"color: #ffcc00;\"><span style=\"color: #333333;\">&#8211;<\/span><strong>Vesta<\/strong><span style=\"color: #333333;\">:<\/span><\/span> d\u00e9bil, sin color, apariencia estelar.<\/p>\n<p><span style=\"text-decoration: underline;\">ESTRELLAS DOBLES<\/span><br \/>\n&#8211; <strong>Alfa Capricorni (Algedi)<\/strong>: se resuelve muy f\u00e1cilmente.<br \/>\n&#8211; <span style=\"color: #333333;\"><strong>Epsilon Lyrae<\/strong>: <\/span>f\u00e1cil, visibles las 2 componentes principales en VD.<br \/>\n&#8211; <strong>Mizar-Alcor<\/strong>: muy f\u00e1cil en VD.<br \/>\n&#8211; <strong>Omicron 1 Cygni<\/strong>: f\u00e1cil en VD.<\/p>\n<p><span style=\"text-decoration: underline;\">C\u00daMULOS ABIERTOS<\/span>:<br \/>\n&#8211; <strong>M6<\/strong>: aspecto nebular en VD.<br \/>\n&#8211; <strong>M7<\/strong>: aspecto nebular en VD.<br \/>\n&#8211; <span style=\"color: #333333;\"><strong>M11<\/strong>:<\/span> nubecilla en VD.<br \/>\n&#8211; <strong>M24<\/strong>: nebulosidad grande en VD.<br \/>\n&#8211; <strong>M34<\/strong>: nebulosidad relativamente grande en VD.<br \/>\n&#8211; <strong>M35<\/strong>: aspecto nebular en VD. Grande en VL.<br \/>\n&#8211; <span style=\"color: #333333;\"><span style=\"color: #ffcc00;\">M<span style=\"color: #ff0000;\">36<\/span><\/span>:<\/span> peque\u00f1a y concentrada nubecilla en VL. A medio camino de dificultad entre \u00e1mbar y rojo.<br \/>\n&#8211; <span style=\"color: #ffcc00;\">M37<\/span>: tenue nubecilla en VL, por momentos visible en VD.<br \/>\n&#8211; <span style=\"color: #333333;\"><span style=\"color: #ffcc00;\">M38<\/span>:<\/span> grande, d\u00e9bil y difuso en VL, alg\u00fan flash en VD.<br \/>\n&#8211; <strong>M39<\/strong>: nebulosidad en VD.<br \/>\n&#8211; <strong>M41<\/strong>: nubecilla en VD.<br \/>\n&#8211; <strong>M44<\/strong>: de aspecto nebular, muy grande en VD.<br \/>\n&#8211; <strong>M45<\/strong>: estrellas brillantes. He llegado a contar y dibujar 24 componentes. Click <a href=\"http:\/\/microastronomia.astroedu.net\/?page_id=132\">aqu\u00ed<\/a> para leer la observaci\u00f3n completa. En VL se observa nebulosidad que envuelve todo el c\u00famulo.<br \/>\n&#8211; <strong>M47<\/strong>: notable, aspecto nebular en VD.<br \/>\n&#8211; <strong>NGC869&amp;884 (doble de Perseo)<\/strong>: en VD, se perciben dos n\u00facleos brillantes envueltos individualmente en nebulosidad y separados por una franja oscura.<br \/>\n&#8211; <strong>NGC6633<\/strong>: nubecilla d\u00e9bil en VD, mejor en VL.<br \/>\n&#8211; <strong>IC4665 (lirio de mar)<\/strong>: nebulosidad notable en VD.<br \/>\n&#8211; <strong>IC4756 (la punta de s\u00edlex)<\/strong>: en VD, muy grande y difuso.<br \/>\n&#8211; <strong>Melotte 111<\/strong>: muy grande, se resuelve en estrellas en VD.<br \/>\n&#8211; <strong>Cr399 (La percha)<\/strong>: grande en VD. En VL, se resuelve en estrellas.<br \/>\n&#8211; <strong>Hyades<\/strong>: estrellas brillantes en VD.<\/p>\n<p><span style=\"text-decoration: underline;\">C\u00daMULOS GLOBULARES<\/span><br \/>\n<span style=\"color: #ff0000;\">&#8211; <\/span><span style=\"color: #ff0000;\">M2<\/span>: en VL, d\u00e9bil nubecilla.<br \/>\n&#8211; <span style=\"color: #ffcc00;\">M3<\/span>: nubecilla en VL.<br \/>\n&#8211; <span style=\"color: #ff0000;\">M4<\/span>: nubecilla en VL, dif\u00edcil debido a la contaminaci\u00f3n lum\u00ednica.<br \/>\n&#8211; <strong>M5<\/strong>: nubecilla en VD.<br \/>\n&#8211; <strong>M13<\/strong>: aspecto nebular en VD.<br \/>\n&#8211; <span style=\"color: #ffcc00;\">M15<\/span>: aspecto nebular, casi en VD, encima de la constelaci\u00f3n de Equuleus.<br \/>\n&#8211; <span style=\"color: #ffcc00;\">M22<span style=\"color: #000000;\">:<\/span><\/span> nubecilla en\u00a0 VL.<\/p>\n<p><span style=\"text-decoration: underline;\">NEBULOSAS<\/span><br \/>\n<span style=\"color: #ffcc00;\"><span style=\"color: #333333;\">&#8211; <strong>NGC7000<\/strong><\/span><span style=\"color: #333333;\">: visible de forma sutil <\/span><\/span>en VL sin filtros. Con filtros OIII o UHC destaca bastante clara en VD.<br \/>\n&#8211; <strong>M8<\/strong>: nebulosidad extensa y brillante.<br \/>\n&#8211; <strong>M17<\/strong>: relativamente f\u00e1cil en VL.<br \/>\n&#8211; <span style=\"color: #ff0000;\">M20<\/span>: en VL, muy al l\u00edmite.<br \/>\n&#8211; <strong>M42<\/strong>: nebulosidad envolviendo Theta Orionis en VD.<\/p>\n<p><span style=\"text-decoration: underline;\">GALAXIAS<\/span><br \/>\n&#8211; <strong>M31<\/strong>: nebulosidad muy extensa en VD, enorme en VL.<br \/>\n&#8211; <span style=\"color: #ff0000;\"><strong><span style=\"color: #ffcc00;\">M33<\/span><\/strong><span style=\"color: #000000;\"><span style=\"color: #333333;\">: en VL, d\u00e9bil nebulosidad ovalada.<\/span><br \/>\n<\/span><\/span><\/p>\n","protected":false},"excerpt":{"rendered":"<p>Tipo: Binocular\u00a0 Di\u00e1metro nocturno aprox.: 6mm (en binocular \u2248 8mm) Relaci\u00f3n Focal nocturna aprox.: F\/4 Distancia Focal aprox.: 23mm Campo<\/p>\n<p><a href=\"https:\/\/microastronomia.cosmozoom.eu\/?page_id=316\" class=\"more-link\">Seguir leyendo<span class=\"screen-reader-text\">MisOjos<\/span><\/a><\/p>\n","protected":false},"author":1,"featured_media":0,"parent":821,"menu_order":0,"comment_status":"closed","ping_status":"closed","template":"","meta":{"footnotes":""},"_links":{"self":[{"href":"https:\/\/microastronomia.cosmozoom.eu\/index.php?rest_route=\/wp\/v2\/pages\/316"}],"collection":[{"href":"https:\/\/microastronomia.cosmozoom.eu\/index.php?rest_route=\/wp\/v2\/pages"}],"about":[{"href":"https:\/\/microastronomia.cosmozoom.eu\/index.php?rest_route=\/wp\/v2\/types\/page"}],"author":[{"embeddable":true,"href":"https:\/\/microastronomia.cosmozoom.eu\/index.php?rest_route=\/wp\/v2\/users\/1"}],"replies":[{"embeddable":true,"href":"https:\/\/microastronomia.cosmozoom.eu\/index.php?rest_route=%2Fwp%2Fv2%2Fcomments&post=316"}],"version-history":[{"count":76,"href":"https:\/\/microastronomia.cosmozoom.eu\/index.php?rest_route=\/wp\/v2\/pages\/316\/revisions"}],"predecessor-version":[{"id":840,"href":"https:\/\/microastronomia.cosmozoom.eu\/index.php?rest_route=\/wp\/v2\/pages\/316\/revisions\/840"}],"up":[{"embeddable":true,"href":"https:\/\/microastronomia.cosmozoom.eu\/index.php?rest_route=\/wp\/v2\/pages\/821"}],"wp:attachment":[{"href":"https:\/\/microastronomia.cosmozoom.eu\/index.php?rest_route=%2Fwp%2Fv2%2Fmedia&parent=316"}],"curies":[{"name":"wp","href":"https:\/\/api.w.org\/{rel}","templated":true}]}}