{"id":1141,"date":"2015-10-24T15:13:53","date_gmt":"2015-10-24T15:13:53","guid":{"rendered":"http:\/\/microastronomia.astroedu.net\/?page_id=1141"},"modified":"2016-06-29T11:13:37","modified_gmt":"2016-06-29T11:13:37","slug":"nikon-hg5x15d","status":"publish","type":"page","link":"https:\/\/microastronomia.cosmozoom.eu\/?page_id=1141","title":{"rendered":"Nikon HG5x15"},"content":{"rendered":"<address><strong>Tipo:<\/strong> monocular prisma techo PhaseCorrection &#8211; silver coating<\/address>\n<address><strong>Di\u00e1metro:<\/strong> 15 mm<\/address>\n<address><strong>Aumento:<\/strong> 5x (fijo)<\/address>\n<address><strong>Pupila de salida:<\/strong> 3 mm<\/address>\n<address><strong>Campo m\u00e1ximo \u00fatil:<\/strong> 9\u00ba<\/address>\n<address><strong>Peso:<\/strong> 75g<\/address>\n<address><strong>Dimensiones (L x D):<\/strong> 71mm x 30mm<\/address>\n<p><span style=\"color: #ffffff;\">\u00a0&#8230;&#8230;&#8230;&#8230;<\/span><\/p>\n<p style=\"text-align: justify;\">\u00d3ptica exquisita condensada en muy pocos cent\u00edmetros. Gran transmisi\u00f3n de luz, alto contraste, estrellas como alfileres, cromatismo inexistente, notable control de reflejos y luces par\u00e1sitas y una facilidad para encontrar el punto \u00f3ptimo de enfoque sorprendente. Todo ello, permite desdoblar Albireo sin esfuerzo, haza\u00f1a inalcanzable para la mayor\u00eda de peque\u00f1os (y no tan peque\u00f1os) monoculares del mercado. Su ergonom\u00eda es amigable, con un relieve ocular muy c\u00f3modo. Su \u00fanico defecto: el \u00faltimo 20% del campo de visi\u00f3n muestra curvatura de campo y distorsi\u00f3n. Dentro del arsenal de MICRoASTRONOMIA, y pese a estar un pasito por detr\u00e1s, es un instrumento\u00a0 comparable \u00f3pticamente a los Zeiss AS-63 y C-50. Mi \u00abunboxing\u00bb del mismo:<\/p>\n<p><iframe loading=\"lazy\" src=\"https:\/\/www.youtube.com\/embed\/2i1ZHK2YAhM\" height=\"315\" width=\"560\" allowfullscreen=\"\" frameborder=\"0\"><\/iframe><\/p>\n<address>\n<h2><strong>OBJETOS OBSERVADOS CON EL Nikon HG5x15<br \/>\n<\/strong><\/h2>\n<p><em>Se listan objetos observados por el autor bajo un cielo de magnitud l\u00edmite 6.5-6.7, entre 3 y 4 en la escala de Bortle, con la zona Sur con algo de contaminaci\u00f3n lum\u00ednica. <\/em>Seg\u00fan su nivel de dificultad: en <em>letra <strong>oscura<\/strong> para objetos f\u00e1ciles de percibir, en <span style=\"color: #ffcc00;\">\u00e1mbar<\/span> para los de dificultad media y en <span style=\"color: #ff0000;\">rojo<\/span> para los dif\u00edciles pero a\u00fan accesibles. Acr\u00f3nimos usados: VD: Visi\u00f3n Directa, VL: Visi\u00f3n Lateral.<br \/>\n<\/em><\/p>\n<address>\u00a0<\/address>\n<p><span style=\"text-decoration: underline;\">LUNA<\/span><br \/>\n&#8211; <strong>Mares, cr\u00e1teres y otras estructuras.<\/strong><\/p>\n<p><span style=\"text-decoration: underline;\">PLANETAS<\/span><br \/>\n&#8211;<strong>Mercurio<\/strong>:apariencia estelar.<br \/>\n&#8211;<strong>Venus<\/strong>:apariencia estelar.<br \/>\n&#8211;<strong>Marte<\/strong>:apariencia estelar.<br \/>\n&#8211;<strong>J\u00fapiter<\/strong>: se muestra como un disco min\u00fasculo. S\u00f3n visibles perfectamente Io, Europa, Ganimes y Calisto.<br \/>\n&#8211;<strong>Saturno<\/strong>: elongado (anillos visibles).<br \/>\n&#8211;<strong>Urano<\/strong>:apariencia estelar.<br \/>\n&#8211;<strong>Neptuno<\/strong>:apariencia estelar.<\/p>\n<p><span style=\"text-decoration: underline;\">ESTRELLAS DOBLES, M\u00daLTIPLES Y PECULIARES<\/span><br \/>\n&#8211;<strong>61 Cygni<\/strong>: se desdobla con bastante claridad.<br \/>\n&#8211;<strong>Albireo: <\/strong>se divide bien, la principal dorada y la secundaria no muestra color.<strong><br \/>\n<\/strong>&#8211;<strong><strong>Beta capricorni<\/strong>: <\/strong>se divide perfectamente.<strong><br \/>\n<\/strong>&#8211;<strong><strong>Nu Draconis<\/strong>: <\/strong>se divide perfectamente.<strong><\/strong><br \/>\n<strong>-Sigma Orionis: <\/strong>se ve el componente E separado de la principal.<strong><br \/>\n<\/strong>&#8211;<strong><strong>Zeta Lyrae:<\/strong> <\/strong>se divide bien.<\/p>\n<p><span style=\"text-decoration: underline;\">ASTERISMOS<\/span><br \/>\n-En preparaci\u00f3n&#8230;<\/p>\n<p><span style=\"text-decoration: underline;\">C\u00daMULOS ABIERTOS<\/span><br \/>\n&#8211;<strong>M41<\/strong>: empieza a resolverse en estrellas en VD.<br \/>\n&#8211;<strong>M44<\/strong>: se cuentan unas 20 estrellas.<br \/>\n&#8211;<strong>M46-M47-NGC2423<\/strong>: el primero grande y difuso en VD. El segundo se resuelve en estrellas y encima de \u00e9ste, el tercero, a modo de una fina neblina elongada en VD.<br \/>\n&#8211;<strong>M48<\/strong>: bastante brillante, se empiezan a resolver algunas estrellas.<br \/>\n&#8211;<strong>M50<\/strong>: F\u00e0cil en VD, especialmente su zona central.<br \/>\n&#8211;<strong>M67<\/strong>: aspecto nebular, elongado, con una estrella brillante pegada en su parte oriental.<br \/>\n&#8211;<strong>M93<\/strong>: f\u00e0cil en VD. Cierto alargamiento NE-SO. La parte occidental se ve m\u00e1s brillante.<br \/>\n&#8211;<span style=\"color: #ffcc00;\">NGC457 (E.T):<\/span> se ven los 2 ojos del susodicho en VD. Lo pongo en \u00e1mbar, porqu\u00e9 el cuerpo del alien\u00edgena se muestra como una d\u00e9bil nebulosidad en VL.<\/p>\n<p><span style=\"text-decoration: underline;\">C\u00daMULOS GLOBULARES<\/span><br \/>\n&#8211;<span style=\"color: #ff0000;\">M79<\/span>: un poco al l\u00edmite en VL, a modo de estrella desenfocada.<\/p>\n<p><span style=\"text-decoration: underline;\">NEBULOSAS<\/span><br \/>\n&#8211;<strong>M27<\/strong>: peque\u00f1o redondel de luz en VD.<br \/>\n&#8211;<strong>M42<\/strong>: nebulosidad con notable extensi\u00f3n.<br \/>\n&#8211;<strong>M78<\/strong>: Visible en VD, peque\u00f1o borr\u00f3n\u00a0 luminoso un poco m\u00e1s grande que una estrella.<br \/>\n&#8211;<strong>NGC2467<\/strong>: catalogado como c\u00famulo, en realidad es una nebulosa. Visible en VL como un diminuto parche de luz.<\/p>\n<p><span style=\"text-decoration: underline;\">GALAXIAS<\/span><br \/>\n-En preparaci\u00f3n&#8230;<\/p>\n<\/address>\n","protected":false},"excerpt":{"rendered":"<p>Tipo: monocular prisma techo PhaseCorrection &#8211; silver coating Di\u00e1metro: 15 mm Aumento: 5x (fijo) Pupila de salida: 3 mm Campo<\/p>\n<p><a href=\"https:\/\/microastronomia.cosmozoom.eu\/?page_id=1141\" class=\"more-link\">Seguir leyendo<span class=\"screen-reader-text\">Nikon HG5x15<\/span><\/a><\/p>\n","protected":false},"author":1,"featured_media":0,"parent":823,"menu_order":4,"comment_status":"closed","ping_status":"closed","template":"","meta":{"footnotes":""},"_links":{"self":[{"href":"https:\/\/microastronomia.cosmozoom.eu\/index.php?rest_route=\/wp\/v2\/pages\/1141"}],"collection":[{"href":"https:\/\/microastronomia.cosmozoom.eu\/index.php?rest_route=\/wp\/v2\/pages"}],"about":[{"href":"https:\/\/microastronomia.cosmozoom.eu\/index.php?rest_route=\/wp\/v2\/types\/page"}],"author":[{"embeddable":true,"href":"https:\/\/microastronomia.cosmozoom.eu\/index.php?rest_route=\/wp\/v2\/users\/1"}],"replies":[{"embeddable":true,"href":"https:\/\/microastronomia.cosmozoom.eu\/index.php?rest_route=%2Fwp%2Fv2%2Fcomments&post=1141"}],"version-history":[{"count":32,"href":"https:\/\/microastronomia.cosmozoom.eu\/index.php?rest_route=\/wp\/v2\/pages\/1141\/revisions"}],"predecessor-version":[{"id":1144,"href":"https:\/\/microastronomia.cosmozoom.eu\/index.php?rest_route=\/wp\/v2\/pages\/1141\/revisions\/1144"}],"up":[{"embeddable":true,"href":"https:\/\/microastronomia.cosmozoom.eu\/index.php?rest_route=\/wp\/v2\/pages\/823"}],"wp:attachment":[{"href":"https:\/\/microastronomia.cosmozoom.eu\/index.php?rest_route=%2Fwp%2Fv2%2Fmedia&parent=1141"}],"curies":[{"name":"wp","href":"https:\/\/api.w.org\/{rel}","templated":true}]}}