{"id":1053,"date":"2015-09-24T19:12:49","date_gmt":"2015-09-24T19:12:49","guid":{"rendered":"http:\/\/microastronomia.astroedu.net\/?page_id=1053"},"modified":"2021-11-01T17:59:22","modified_gmt":"2021-11-01T17:59:22","slug":"yoctoscopi","status":"publish","type":"page","link":"https:\/\/microastronomia.cosmozoom.eu\/?page_id=1053","title":{"rendered":"yoctoScopi"},"content":{"rendered":"<p><strong><a href=\"http:\/\/microastronomia.astroedu.net\/wp-content\/uploads\/2015\/09\/zDSCN0713.jpg\"><img loading=\"lazy\" decoding=\"async\" class=\"wp-image-1060 alignleft\" style=\"border: 3px solid black;\" src=\"http:\/\/microastronomia.astroedu.net\/wp-content\/uploads\/2015\/09\/zDSCN0713-300x286.jpg\" alt=\"zDSCN0713\" width=\"300\" height=\"286\" srcset=\"https:\/\/microastronomia.cosmozoom.eu\/wp-content\/uploads\/2015\/09\/zDSCN0713-300x286.jpg 300w, https:\/\/microastronomia.cosmozoom.eu\/wp-content\/uploads\/2015\/09\/zDSCN0713-156x150.jpg 156w, https:\/\/microastronomia.cosmozoom.eu\/wp-content\/uploads\/2015\/09\/zDSCN0713-150x143.jpg 150w, https:\/\/microastronomia.cosmozoom.eu\/wp-content\/uploads\/2015\/09\/zDSCN0713.jpg 759w\" sizes=\"(max-width: 300px) 100vw, 300px\" \/><\/a><em>Tipo: <a href=\"http:\/\/microastronomia.astroedu.net\/wp-content\/uploads\/2015\/09\/zDSCN0723.jpg\"><img loading=\"lazy\" decoding=\"async\" class=\"alignright  wp-image-1062\" style=\"border: 3px solid black;\" src=\"http:\/\/microastronomia.astroedu.net\/wp-content\/uploads\/2015\/09\/zDSCN0723-300x224.jpg\" alt=\"zDSCN0723\" width=\"240\" height=\"179\" srcset=\"https:\/\/microastronomia.cosmozoom.eu\/wp-content\/uploads\/2015\/09\/zDSCN0723-300x224.jpg 300w, https:\/\/microastronomia.cosmozoom.eu\/wp-content\/uploads\/2015\/09\/zDSCN0723-200x150.jpg 200w, https:\/\/microastronomia.cosmozoom.eu\/wp-content\/uploads\/2015\/09\/zDSCN0723-150x112.jpg 150w, https:\/\/microastronomia.cosmozoom.eu\/wp-content\/uploads\/2015\/09\/zDSCN0723.jpg 700w\" sizes=\"(max-width: 240px) 100vw, 240px\" \/><\/a><\/em><\/strong><em>Monocular galileano<\/em><br \/>\n<em><strong>Di\u00e1metro:<\/strong><span style=\"font-size: 1.125rem;\"> 17.5mm <\/span>(real estimado \u2248 8mm)<\/em><br \/>\n<em><strong>Campo m\u00e1ximo \u00fatil:<\/strong><span style=\"font-size: 1.125rem;\"> 15\u00ba <\/span><strong>Dimensiones (L x D):<\/strong><span style=\"font-size: revert;\"> 32mm x 22mm (sin soporte). <\/span><strong>Peso:<\/strong><span style=\"font-size: revert;\"> 35g.<\/span><\/em><\/p>\n<p><span style=\"color: #ffffff;\">&#8230;&#8230;<\/span><\/p>\n<address class=\"mceTemp\">\n<figure id=\"attachment_1063\" aria-describedby=\"caption-attachment-1063\" style=\"width: 180px\" class=\"wp-caption alignleft\"><a href=\"http:\/\/microastronomia.astroedu.net\/wp-content\/uploads\/2015\/09\/zDSCN0720.jpg\"><img loading=\"lazy\" decoding=\"async\" class=\" wp-image-1063 \" src=\"http:\/\/microastronomia.astroedu.net\/wp-content\/uploads\/2015\/09\/zDSCN0720-300x243.jpg\" alt=\"zDSCN0720\" width=\"180\" height=\"146\" srcset=\"https:\/\/microastronomia.cosmozoom.eu\/wp-content\/uploads\/2015\/09\/zDSCN0720-300x243.jpg 300w, https:\/\/microastronomia.cosmozoom.eu\/wp-content\/uploads\/2015\/09\/zDSCN0720-185x150.jpg 185w, https:\/\/microastronomia.cosmozoom.eu\/wp-content\/uploads\/2015\/09\/zDSCN0720-150x121.jpg 150w, https:\/\/microastronomia.cosmozoom.eu\/wp-content\/uploads\/2015\/09\/zDSCN0720.jpg 700w\" sizes=\"(max-width: 180px) 100vw, 180px\" \/><\/a><figcaption id=\"caption-attachment-1063\" class=\"wp-caption-text\">Se transporta en una cajita muy pr\u00e1ctica.<\/figcaption><\/figure>\n<\/address>\n<figure id=\"attachment_1065\" aria-describedby=\"caption-attachment-1065\" style=\"width: 180px\" class=\"wp-caption alignright\"><a href=\"http:\/\/microastronomia.astroedu.net\/wp-content\/uploads\/2015\/09\/zDSCN0708.jpg\"><img loading=\"lazy\" decoding=\"async\" class=\" wp-image-1065\" src=\"http:\/\/microastronomia.astroedu.net\/wp-content\/uploads\/2015\/09\/zDSCN0708-300x210.jpg\" alt=\"zDSCN0708\" width=\"180\" height=\"126\" srcset=\"https:\/\/microastronomia.cosmozoom.eu\/wp-content\/uploads\/2015\/09\/zDSCN0708-300x210.jpg 300w, https:\/\/microastronomia.cosmozoom.eu\/wp-content\/uploads\/2015\/09\/zDSCN0708-213x150.jpg 213w, https:\/\/microastronomia.cosmozoom.eu\/wp-content\/uploads\/2015\/09\/zDSCN0708-150x105.jpg 150w, https:\/\/microastronomia.cosmozoom.eu\/wp-content\/uploads\/2015\/09\/zDSCN0708.jpg 800w\" sizes=\"(max-width: 180px) 100vw, 180px\" \/><\/a><figcaption id=\"caption-attachment-1065\" class=\"wp-caption-text\">Parte delantera.<\/figcaption><\/figure>\n<p style=\"text-align: justify;\">La m\u00ednima expresi\u00f3n de instrumento \u00abastron\u00f3mico\u00bb, m\u00e1s peque\u00f1o no existe, de aqu\u00ed el prefijo \u00abyocto\u00bb que acompa\u00f1a a su nombre. En observaci\u00f3n, va un pel\u00edn m\u00e1s all\u00e1 que mis ojos y con eso es suficiente.<\/p>\n<p style=\"text-align: justify;\">Muy econ\u00f3mico, fabricado en china (a pesar de llevar inscrito Made in Russia), su calidad \u00f3ptica es bastante mediocre. A pesar de todo, sus lentes son de cristal y llevan recubrimientos azulados, lo que resulta en una transmisi\u00f3n de luz y contraste aceptables. Sin embargo, el nivel de cromatismo es descomunal.\u00a0 Su dise\u00f1o es galileano, por lo que su abertura real depende del di\u00e1metro de la pupila del observador. Por otro lado, el soporte de agarre incorporado es muy original y pr\u00e1ctico. Si Galileo Galilei lo hubiera tenido entre sus manos&#8230;<\/p>\n<figure id=\"attachment_1066\" aria-describedby=\"caption-attachment-1066\" style=\"width: 180px\" class=\"wp-caption alignleft\"><a href=\"https:\/\/microastronomia.cosmozoom.eu\/wp-content\/uploads\/2015\/09\/zDSCN0710.jpg\"><img loading=\"lazy\" decoding=\"async\" class=\"wp-image-1066\" src=\"http:\/\/microastronomia.astroedu.net\/wp-content\/uploads\/2015\/09\/zDSCN0710-300x241.jpg\" alt=\"zDSCN0710\" width=\"180\" height=\"145\" srcset=\"https:\/\/microastronomia.cosmozoom.eu\/wp-content\/uploads\/2015\/09\/zDSCN0710-300x241.jpg 300w, https:\/\/microastronomia.cosmozoom.eu\/wp-content\/uploads\/2015\/09\/zDSCN0710-186x150.jpg 186w, https:\/\/microastronomia.cosmozoom.eu\/wp-content\/uploads\/2015\/09\/zDSCN0710-150x120.jpg 150w, https:\/\/microastronomia.cosmozoom.eu\/wp-content\/uploads\/2015\/09\/zDSCN0710.jpg 800w\" sizes=\"(max-width: 180px) 100vw, 180px\" \/><\/a><figcaption id=\"caption-attachment-1066\" class=\"wp-caption-text\">Parte trasera.<\/figcaption><\/figure>\n<h2><a href=\"https:\/\/microastronomia.cosmozoom.eu\/wp-content\/uploads\/2015\/09\/zDSCN0722.jpg\"><img loading=\"lazy\" decoding=\"async\" class=\"alignright wp-image-1064\" src=\"http:\/\/microastronomia.astroedu.net\/wp-content\/uploads\/2015\/09\/zDSCN0722-300x213.jpg\" alt=\"zDSCN0722\" width=\"156\" height=\"111\" srcset=\"https:\/\/microastronomia.cosmozoom.eu\/wp-content\/uploads\/2015\/09\/zDSCN0722-300x213.jpg 300w, https:\/\/microastronomia.cosmozoom.eu\/wp-content\/uploads\/2015\/09\/zDSCN0722-210x150.jpg 210w, https:\/\/microastronomia.cosmozoom.eu\/wp-content\/uploads\/2015\/09\/zDSCN0722-150x106.jpg 150w, https:\/\/microastronomia.cosmozoom.eu\/wp-content\/uploads\/2015\/09\/zDSCN0722.jpg 575w\" sizes=\"(max-width: 156px) 100vw, 156px\" \/><\/a><\/h2>\n<p><span style=\"color: #ffffff;\">&#8230;&#8230;&#8230;&#8230;.<\/span><\/p>\n<h2><span style=\"color: #ffffff;\">&#8230;&#8230;&#8230;<\/span><\/h2>\n<h2><\/h2>\n<p><span style=\"color: #ffffff;\">&#8230;&#8230;.<\/span><\/p>\n<h2><strong>OBJETOS OBSERVADOS CON EL yoctoScopi<br \/>\n<\/strong><\/h2>\n<p><em>Se listan objetos observados por el autor bajo un cielo de magnitud l\u00edmite 6.5-6.7, entre 3 y 4 en la escala de Bortle, con la zona Sur con algo de contaminaci\u00f3n lum\u00ednica. <\/em>Seg\u00fan su nivel de dificultad: en <em>letra <strong>oscura<\/strong> para objetos f\u00e1ciles de percibir, en <span style=\"color: #ffcc00;\">\u00e1mbar<\/span> para los de dificultad media y en <span style=\"color: #ff0000;\">rojo<\/span> para los dif\u00edciles pero a\u00fan accesibles. Acr\u00f3nimos usados: VD: Visi\u00f3n Directa, VL: Visi\u00f3n Lateral.<br \/>\n<\/em><\/p>\n<p><span style=\"text-decoration: underline;\">LUNA<\/span><br \/>\n&#8211; En preparaci\u00f3n&#8230;<\/p>\n<p><span style=\"text-decoration: underline;\">PLANETAS<\/span><br \/>\n&#8211; En preparaci\u00f3n&#8230;<\/p>\n<p><span style=\"text-decoration: underline;\">ESTRELLAS DOBLES, M\u00daLTIPLES Y PECULIARES<\/span><br \/>\n&#8211; En preparaci\u00f3n&#8230;<\/p>\n<p><span style=\"text-decoration: underline;\">ASTERISMOS<\/span><br \/>\n&#8211; En preparaci\u00f3n&#8230;<\/p>\n<p><span style=\"text-decoration: underline;\">C\u00daMULOS ABIERTOS<\/span><br \/>\n&#8211; En preparaci\u00f3n&#8230;<\/p>\n<p><span style=\"text-decoration: underline;\">C\u00daMULOS GLOBULARES<\/span><br \/>\n&#8211; En preparaci\u00f3n&#8230;<\/p>\n<p><span style=\"text-decoration: underline;\">NEBULOSAS<\/span><br \/>\n&#8211; En preparaci\u00f3n&#8230;<\/p>\n<p><span style=\"text-decoration: underline;\">GALAXIAS<\/span><br \/>\n&#8211; <strong>M33<\/strong>: nubecilla en VD.<\/p>\n","protected":false},"excerpt":{"rendered":"<p>Tipo: Monocular galileano Di\u00e1metro: 17.5mm (real estimado \u2248 8mm) Campo m\u00e1ximo \u00fatil: 15\u00ba Dimensiones (L x D): 32mm x 22mm<\/p>\n<p><a href=\"https:\/\/microastronomia.cosmozoom.eu\/?page_id=1053\" class=\"more-link\">Seguir leyendo<span class=\"screen-reader-text\">yoctoScopi<\/span><\/a><\/p>\n","protected":false},"author":1,"featured_media":0,"parent":821,"menu_order":1,"comment_status":"closed","ping_status":"closed","template":"","meta":{"footnotes":""},"_links":{"self":[{"href":"https:\/\/microastronomia.cosmozoom.eu\/index.php?rest_route=\/wp\/v2\/pages\/1053"}],"collection":[{"href":"https:\/\/microastronomia.cosmozoom.eu\/index.php?rest_route=\/wp\/v2\/pages"}],"about":[{"href":"https:\/\/microastronomia.cosmozoom.eu\/index.php?rest_route=\/wp\/v2\/types\/page"}],"author":[{"embeddable":true,"href":"https:\/\/microastronomia.cosmozoom.eu\/index.php?rest_route=\/wp\/v2\/users\/1"}],"replies":[{"embeddable":true,"href":"https:\/\/microastronomia.cosmozoom.eu\/index.php?rest_route=%2Fwp%2Fv2%2Fcomments&post=1053"}],"version-history":[{"count":20,"href":"https:\/\/microastronomia.cosmozoom.eu\/index.php?rest_route=\/wp\/v2\/pages\/1053\/revisions"}],"predecessor-version":[{"id":1293,"href":"https:\/\/microastronomia.cosmozoom.eu\/index.php?rest_route=\/wp\/v2\/pages\/1053\/revisions\/1293"}],"up":[{"embeddable":true,"href":"https:\/\/microastronomia.cosmozoom.eu\/index.php?rest_route=\/wp\/v2\/pages\/821"}],"wp:attachment":[{"href":"https:\/\/microastronomia.cosmozoom.eu\/index.php?rest_route=%2Fwp%2Fv2%2Fmedia&parent=1053"}],"curies":[{"name":"wp","href":"https:\/\/api.w.org\/{rel}","templated":true}]}}